{"id":37018,"date":"2019-05-22T14:04:19","date_gmt":"2019-05-22T12:04:19","guid":{"rendered":"https:\/\/wctt.pwr.edu.pl\/stt_rb\/sposob-monitorowania-bezdechu-niemowlecia-i-monitor-bezdechu-niemowlecia\/"},"modified":"2019-05-22T14:04:19","modified_gmt":"2019-05-22T12:04:19","slug":"sposob-monitorowania-bezdechu-niemowlecia-i-monitor-bezdechu-niemowlecia","status":"publish","type":"stt_rb","link":"https:\/\/wctt.pwr.edu.pl\/en\/stt_rb\/sposob-monitorowania-bezdechu-niemowlecia-i-monitor-bezdechu-niemowlecia\/","title":{"rendered":"Spos\u00f3b monitorowania bezdechu niemowl\u0119cia i monitor bezdechu niemowl\u0119cia"},"content":{"rendered":"","protected":false},"author":47,"template":"","class_list":["post-37018","stt_rb","type-stt_rb","status-publish","hentry"],"acf":[],"uagb_featured_image_src":[],"uagb_author_info":{"display_name":"Magdalena Kasza","author_link":"https:\/\/wctt.pwr.edu.pl\/en\/author\/magkas\/"},"uagb_comment_info":0,"uagb_excerpt":null,"publishpress_future_action":{"enabled":false,"date":"2026-05-06 15:40:16","action":"change-status","newStatus":"draft","terms":[],"taxonomy":"stt_rb_categories","extraData":[]},"publishpress_future_workflow_manual_trigger":{"enabledWorkflows":[]},"_links":{"self":[{"href":"https:\/\/wctt.pwr.edu.pl\/en\/wp-json\/wp\/v2\/stt_rb\/37018","targetHints":{"allow":["GET"]}}],"collection":[{"href":"https:\/\/wctt.pwr.edu.pl\/en\/wp-json\/wp\/v2\/stt_rb"}],"about":[{"href":"https:\/\/wctt.pwr.edu.pl\/en\/wp-json\/wp\/v2\/types\/stt_rb"}],"author":[{"embeddable":true,"href":"https:\/\/wctt.pwr.edu.pl\/en\/wp-json\/wp\/v2\/users\/47"}],"version-history":[{"count":1,"href":"https:\/\/wctt.pwr.edu.pl\/en\/wp-json\/wp\/v2\/stt_rb\/37018\/revisions"}],"predecessor-version":[{"id":37019,"href":"https:\/\/wctt.pwr.edu.pl\/en\/wp-json\/wp\/v2\/stt_rb\/37018\/revisions\/37019"}],"wp:attachment":[{"href":"https:\/\/wctt.pwr.edu.pl\/en\/wp-json\/wp\/v2\/media?parent=37018"}],"curies":[{"name":"wp","href":"https:\/\/api.w.org\/{rel}","templated":true}]}}

Sposób monitorowania bezdechu niemowlęcia i monitor bezdechu niemowlęcia
