{"id":60312,"date":"2024-10-10T09:58:04","date_gmt":"2024-10-10T07:58:04","guid":{"rendered":"https:\/\/wctt.pwr.edu.pl\/?post_type=event&#038;p=60312"},"modified":"2024-10-10T12:57:10","modified_gmt":"2024-10-10T10:57:10","slug":"szkolenie-wlasnosc-intelektualna-w-dzialalnosci-naukowo-badawczej","status":"publish","type":"event","link":"https:\/\/wctt.pwr.edu.pl\/en\/wydarzenie\/szkolenie-wlasnosc-intelektualna-w-dzialalnosci-naukowo-badawczej\/","title":{"rendered":"Szkolenie stacjonarne pt. &#8220;W\u0142asno\u015b\u0107 intelektualna w dzia\u0142alno\u015bci naukowo-badawczej. Podstawowe zagadnienia&#8221;"},"content":{"rendered":"Szkolenie stacjonarne pt. \\\"W\\u0142asno\\u015b\\u0107 intelektualna w dzia\\u0142alno\\u015bci naukowo-badawczej. Podstawowe zagadnienia\\\"\",\"label_pos\":\"above\",\"parentType\":\"hidden\",\"element_templates\":[\"hidden\",\"input\"],\"old_classname\":\"\",\"wrap_template\":\"wrap-no-label\"},{\"objectType\":\"Field\",\"objectDomain\":\"fields\",\"editActive\":false,\"order\":12,\"idAttribute\":\"id\",\"label\":\"Wy\\u015blij zg\\u0142oszenie\",\"key\":\"wyslij_zgloszenie\",\"type\":\"submit\",\"created_at\":\"2016-08-28 16:16:05\",\"processing_label\":\"Wysy\\u0142am\",\"container_class\":\"\",\"element_class\":\"\",\"field_label\":\"Wy\\u015blij zg\\u0142oszenie\",\"field_key\":\"wyslij_zgloszenie\",\"manual_key\":1,\"drawerDisabled\":\"\",\"admin_label\":\"\",\"id\":265,\"beforeField\":\"\",\"afterField\":\"\",\"value\":\"\",\"label_pos\":\"above\",\"parentType\":\"textbox\",\"element_templates\":[\"submit\",\"button\",\"input\"],\"old_classname\":\"\",\"wrap_template\":\"wrap-no-label\"}];nfForms.push(form);<\/script>\n        <\/td>\r\n<\/tr>\r\n<\/tbody>\r\n<\/table>\r\n<p><em><span style=\"color: #ff0000;\">\u2217<\/span> <\/em><span style=\"text-decoration: underline;\"><em>Spotkanie jest bezp\u0142atne, liczba miejsc jest ograniczona, decyduje kolejno\u015b\u0107 zg\u0142osze\u0144.<\/em><\/span><\/p>\r\n<p><em><span style=\"color: #ff0000;\">\u2217<\/span> <\/em><span style=\"text-decoration: underline;\"><em>Organizator zastrzega sobie prawo do zmiany numeru sali, modyfikacji agendy Wydarzenia, w szczeg\u00f3lno\u015bci poprzez zmian\u0119: os\u00f3b prowadz\u0105cych, kolejno\u015bci wyst\u0105pie\u0144, godzin prelekcji, itp.<\/em><\/span><\/p>\r\n<p>&nbsp;<\/p>\r\n<p style=\"text-align: center;\"><strong>Serdecznie zapraszamy do zapis\u00f3w!<\/strong><\/p>\r\n<p>&nbsp;<\/p><p>&nbsp;<\/p>\r\n\r\n<p>&nbsp;<\/p>\r\n\r\n<figure class=\"wp-block-gallery has-nested-images columns-default is-cropped wp-block-gallery-1 is-layout-flex wp-block-gallery-is-layout-flex\"><\/figure>\r\n\r\n<p>&nbsp;<\/p>","protected":false},"excerpt":{"rendered":"<p class=\"qtranxs-available-languages-message qtranxs-available-languages-message-en\">Sorry, this entry is only available in <a href=\"https:\/\/wctt.pwr.edu.pl\/pl\/wp-json\/wp\/v2\/event\/60312\" class=\"qtranxs-available-language-link qtranxs-available-language-link-pl\" title=\"Polski\">Polski<\/a>.<\/p>\n","protected":false},"author":47,"featured_media":60315,"template":"","class_list":["post-60312","event","type-event","status-publish","has-post-thumbnail","hentry","event_categories-dla-naukowcow","event_categories-dla-firm","event_categories-spotkania","event_categories-szkolenia"],"acf":[],"uagb_featured_image_src":{"full":["https:\/\/wctt.pwr.edu.pl\/wp-content\/uploads\/2024\/10\/szkolenie_wlasnosc-intelektualna_mini.jpg",1331,943,false],"thumbnail":["https:\/\/wctt.pwr.edu.pl\/wp-content\/uploads\/2024\/10\/szkolenie_wlasnosc-intelektualna_mini-150x150.jpg",150,150,true],"medium":["https:\/\/wctt.pwr.edu.pl\/wp-content\/uploads\/2024\/10\/szkolenie_wlasnosc-intelektualna_mini-300x213.jpg",300,213,true],"medium_large":["https:\/\/wctt.pwr.edu.pl\/wp-content\/uploads\/2024\/10\/szkolenie_wlasnosc-intelektualna_mini-768x544.jpg",640,453,true],"large":["https:\/\/wctt.pwr.edu.pl\/wp-content\/uploads\/2024\/10\/szkolenie_wlasnosc-intelektualna_mini-1024x725.jpg",640,453,true],"1536x1536":["https:\/\/wctt.pwr.edu.pl\/wp-content\/uploads\/2024\/10\/szkolenie_wlasnosc-intelektualna_mini.jpg",1331,943,false],"2048x2048":["https:\/\/wctt.pwr.edu.pl\/wp-content\/uploads\/2024\/10\/szkolenie_wlasnosc-intelektualna_mini.jpg",1331,943,false]},"uagb_author_info":{"display_name":"Magdalena Kasza","author_link":"https:\/\/wctt.pwr.edu.pl\/en\/author\/magkas\/"},"uagb_comment_info":0,"uagb_excerpt":"Sorry, this entry is only available in Polski.","publishpress_future_action":{"enabled":false,"date":"2026-05-05 17:29:03","action":"category","newStatus":"draft","terms":[],"taxonomy":"event_categories","extraData":[]},"publishpress_future_workflow_manual_trigger":{"enabledWorkflows":[]},"_links":{"self":[{"href":"https:\/\/wctt.pwr.edu.pl\/en\/wp-json\/wp\/v2\/event\/60312","targetHints":{"allow":["GET"]}}],"collection":[{"href":"https:\/\/wctt.pwr.edu.pl\/en\/wp-json\/wp\/v2\/event"}],"about":[{"href":"https:\/\/wctt.pwr.edu.pl\/en\/wp-json\/wp\/v2\/types\/event"}],"author":[{"embeddable":true,"href":"https:\/\/wctt.pwr.edu.pl\/en\/wp-json\/wp\/v2\/users\/47"}],"version-history":[{"count":16,"href":"https:\/\/wctt.pwr.edu.pl\/en\/wp-json\/wp\/v2\/event\/60312\/revisions"}],"predecessor-version":[{"id":60365,"href":"https:\/\/wctt.pwr.edu.pl\/en\/wp-json\/wp\/v2\/event\/60312\/revisions\/60365"}],"wp:featuredmedia":[{"embeddable":true,"href":"https:\/\/wctt.pwr.edu.pl\/en\/wp-json\/wp\/v2\/media\/60315"}],"wp:attachment":[{"href":"https:\/\/wctt.pwr.edu.pl\/en\/wp-json\/wp\/v2\/media?parent=60312"}],"curies":[{"name":"wp","href":"https:\/\/api.w.org\/{rel}","templated":true}]}}

Szkolenie stacjonarne pt. &#8220;Własność intelektualna w działalności naukowo-badawczej. Podstawowe zagadnienia&#8221;

Szkolenie stacjonarne pt. \"W\u0142asno\u015b\u0107 intelektualna w dzia\u0142alno\u015bci naukowo-badawczej. Podstawowe zagadnienia\"","label_pos":"above","parentType":"hidden","element_templates":["hidden","input"],"old_classname":"","wrap_template":"wrap-no-label"},{"objectType":"Field","objectDomain":"fields","editActive":false,"order":12,"idAttribute":"id","label":"Wy\u015blij zg\u0142oszenie","key":"wyslij_zgloszenie","type":"submit","created_at":"2016-08-28 16:16:05","processing_label":"Wysy\u0142am","container_class":"","element_class":"","field_label":"Wy\u015blij zg\u0142oszenie","field_key":"wyslij_zgloszenie","manual_key":1,"drawerDisabled":"","admin_label":"","id":265,"beforeField":"","afterField":"","value":"","label_pos":"above","parentType":"textbox","element_templates":["submit","button","input"],"old_classname":"","wrap_template":"wrap-no-label"}];nfForms.push(form);</script>
        </td>
</tr>
</tbody>
</table>
<p><em><span style="color: #ff0000;">∗</span> </em><span style="text-decoration: underline;"><em>Spotkanie jest bezpłatne, liczba miejsc jest ograniczona, decyduje kolejność zgłoszeń.</em></span></p>
<p><em><span style="color: #ff0000;">∗</span> </em><span style="text-decoration: underline;"><em>Organizator zastrzega sobie prawo do zmiany numeru sali, modyfikacji agendy Wydarzenia, w szczególności poprzez zmianę: osób prowadzących, kolejności wystąpień, godzin prelekcji, itp.</em></span></p>
<p>&nbsp;</p>
<p style="text-align: center;"><strong>Serdecznie zapraszamy do zapisów!</strong></p>
<p>&nbsp;</p><p>&nbsp;</p>

<p>&nbsp;</p>

<figure class="wp-block-gallery has-nested-images columns-default is-cropped wp-block-gallery-1 is-layout-flex wp-block-gallery-is-layout-flex"></figure>

<p>&nbsp;</p>
